 by 1324.
63
What is the remainder when 1795 is divided by 91?
66
What is the remainder when 20735 is divided by 466?
231
What is the remainder when 861893 is divided by 223?
221
What is the remainder when 63006 is divided by 61?
54
What is the remainder when 27316 is divided by 1012?
1004
What is the remainder when 885101 is divided by 111?
98
What is the remainder when 122039 is divided by 51?
47
Calculate the remainder when 10179 is divided by 338.
39
What is the remainder when 2172 is divided by 449?
376
Calculate the remainder when 95119 is divided by 31706.
1
Calculate the remainder when 335327 is divided by 91.
83
What is the remainder when 640303 is divided by 213430?
13
Calculate the remainder when 33855 is divided by 46.
45
Calculate the remainder when 134496 is divided by 25.
21
What is the remainder when 11174 is divided by 3654?
212
Calculate the remainder when 13064 is divided by 340.
144
What is the remainder when 217124 is divided by 54279?
8
Calculate the remainder when 2193 is divided by 1292.
901
Calculate the remainder when 3002 is divided by 2961.
41
What is the remainder when 2011 is divided by 136?
107
Calculate the remainder when 182527 is divided by 25.
2
Calculate the remainder when 262660 is divided by 195.
190
Calculate the remainder when 51941 is divided by 406.
379
What is the remainder when 243690 is divided by 1442?
1434
Calculate the remainder when 115983 is divided by 145.
128
Calculate the remainder when 35014 is divided by 1030.
1024
What is the remainder when 23485 is divided by 13?
7
Calculate the remainder when 3834 is divided by 346.
28
What is the remainder when 5700 is divided by 317?
311
What is the remainder when 6354 is divided by 318?
312
Calculate the remainder when 245513 is divided by 60.
53
Calculate the remainder when 230790 is divided by 31.
26
What is the remainder when 211 is divided by 202?
9
Calculate the remainder when 183653 is divided by 6.
5
Calculate the remainder when 42095 is divided by 194.
191
What is the remainder when 851399 is divided by 215?
214
What is the remainder when 544619 is divided by 643?
641
Calculate the remainder when 637329 is divided by 34.
33
Calculate the remainder when 44452 is divided by 87.
82
What is the remainder when 804 is divided by 74?
64
What is the remainder when 2625 is divided by 2323?
302
Calculate the remainder when 4943 is divided by 935.
268
What is the remainder when 22489 is divided by 10852?
785
Calculate the remainder when 357365 is divided by 417.
413
Calculate the remainder when 129283 is divided by 51.
49
What is the remainder when 76348 is divided by 172?
152
Calculate the remainder when 1971 is divided by 92.
39
What is the remainder when 51378 is divided by 35?
33
What is the remainder when 1529639 is divided by 90?
89
What is the remainder when 1146854 is divided by 4681?
9
Calculate the remainder when 3465 is divided by 428.
41
Calculate the remainder when 19767 is divided by 9848.
71
Calculate the remainder when 39201 is divided by 1960.
1
Calculate the remainder when 364399 is divided by 23.
10
Calculate the remainder when 1484 is divided by 11.
10
What is the remainder when 258913 is divided by 49?
46
Calculate the remainder when 5830843 is divided by 538.
537
What is the remainder when 832 is divided by 150?
82
What is the remainder when 26297 is divided by 612?
593
What is the remainder when 1202 is divided by 439?
324
What is the remainder when 6153 is divided by 190?
73
Calculate the remainder when 3981 is divided by 3961.
20
What is the remainder when 17069 is divided by 1140?
1109
What is the remainder when 63419 is divided by 29?
25
What is the remainder when 89287 is divided by 89257?
30
Calculate the remainder when 23026 is divided by 64.
50
Calculate the remainder when 410151 is divided by 18643.
5
Calculate the remainder when 199062 is divided by 53.
47
What is the remainder when 3459 is divided by 1701?
57
Calculate the remainder when 752 is divided by 186.
8
Calculate the remainder when 14388 is divided by 7185.
18
What is the remainder when 2525801 is divided by 45?
41
What is the remainder when 8080 is divided by 38?
24
What is the remainder when 7479 is divided by 44?
43
Calculate the remainder when 27260 is divided by 262.
12
Calculate the remainder when 6405 is divided by 200.
5
What is the remainder when 8259 is divided by 2751?
6
What is the remainder when 40638 is divided by 10153?
26
Calculate the remainder when 2369 is divided by 333.
38
Calculate the remainder when 12184 is divided by 313.
290
What is the remainder when 3140 is divided by 21?
11
Calculate the remainder when 2583 is divided by 32.
23
Calculate the remainder when 172831 is divided by 13.
9
What is the remainder when 23697 is divided by 790?
787
Calculate the remainder when 293049 is divided by 5426.
45
Calculate the remainder when 7394 is divided by 1056.
2
What is the remainder when 317397 is divided by 317393?
4
What is the remainder when 211688 is divided by 52922?
0
What is the remainder when 36221 is divided by 128?
125
Calculate the remainder when 35069 is divided by 835.
834
Calculate the remainder when 1855 is divided by 288.
127
What is the remainder when 54573 is divided by 9094?
9
What is the remainder when 1027 is divided by 248?
35
Calculate the remainder when 12365 is divided by 403.
275
Calculate the remainder when 59114 is divided by 147.
20
What is the remainder when 30851 is divided by 563?
449
What is the remainder when 2905 is divided by 25?
5
What is the remainder when 45281 is divided by 362?
31
Calculate the remainder when 1097 is divided by 710.
387
What is the remainder when 1208 is divided by 738?
470
What is the remainder when 300393 is divided by 56?
9
Calculate the remainder when 46097 is divided by 444.
365
Calculate the remainder when 3709797 is divided by 90.
87
What is the remainder when 10647 is divided by 116?
91
Calculate the remainder when 228087 is divided by 14.
13
What is the remainder when 214619 is divided by 60?
59
What is the remainder when 42496 is divided by 47?
8
Calculate the remainder when 356495 is divided by 647.
645
What is the remainder when 433410 is divided by 216697?
16
What is the remainder when 2116324 is divided by 6?
4
Calculate the remainder when 8064 is divided by 59.
40
What is the remainder when 33192 is divided by 6635?
17
Calculate the remainder when 10416 is divided by 101.
13
What is the remainder when 171598 is divided by 15?
13
What is the remainder when 2394 is divided by 1183?
28
What is the remainder when 8289 is divided by 759?
699
What is the remainder when 12835 is divided by 24?
19
What is the remainder when 5358 is divided by 149?
143
Calculate the remainder when 59621 is divided by 67.
58
What is the remainder when 378 is divided by 78?
66
What is the remainder when 38418 is divided by 332?
238
What is the remainder when 1082 is divided by 535?
12
Calculate the remainder when 1773338 is divided by 9.
5
What is the remainder when 55594 is divided by 180?
154
What is the remainder when 54533 is divided by 231?
17
Calculate the remainder when 41289 is divided by 80.
9
What is the remainder when 809 is divided by 575?
234
What is the remainder when 27960 is divided by 863?
344
Calculate the remainder when 273468 is divided by 23.
21
Calculate the remainder when 330 is divided by 48.
42
Calculate the remainder when 288645 is divided by 793.
786
What is the remainder when 9464 is divided by 4710?
44
What is the remainder when 80 is divided by 9?
8
Calculate the remainder when 342552 is divided by 26.
2
Calculate the remainder when 181347 is divided by 49.
47
What is the remainder when 1168 is divided by 249?
172
Calculate the remainder when 92910 is divided by 261.
255
What is the remainder when 2853 is divided by 1416?
21
What is the remainder when 26944 is divided by 14?
8
Calculate the remainder when 104966 is divided by 46.
40
What is the remainder when 33723 is divided by 296?
275
Calculate the remainder when 4829857 is divided by 22.
21
What is the remainder when 15773 is divided by 32?
29
What is the remainder when 7104 is divided by 321?
42
What is the remainder when 2713 is divided by 2706?
7
Calculate the remainder when 762606 is divided by 1234.
1228
Ca